, 11
Let t be (-422 + -1)/(20/4 - 4). Let m = 475 + t. List the prime factors of m.
2, 13
Let q = -1881 + 1969. List the prime factors of q.
2, 11
Let c be (-26)/143 - (-398)/11. Let y be 36184/c - (-1)/(-9). Suppose -59*p + 54*p = -y. List the prime factors of p.
3, 67
Let c be ((-4)/(-2) - 0) + 2. Suppose -4*p - 2*v = -50, v - c*v - 45 = -2*p. Let y(b) = 6*b + 16. List the prime factors of y(p).
2, 53
What are the prime factors of (-42)/980*7 + 1 + 1231186/20?
2, 3, 5, 19
Let c(k) = -k - 2. Let g be c(-5). Let p = 4906 - 4822. Suppose -g*u + 6*u - p = 0. List the prime factors of u.
2, 7
What are the prime factors of (-30063 - (-1 - -6))*10/(-5)?
2, 7517
Suppose 3*o + 133 = 484. What are the prime factors of ((16/3)/(-2))/((-6)/o)?
2, 13
Let q(c) = -85*c + 1233. What are the prime factors of q(-14)?
2423
Let s(n) = -n**2 + 8*n + 12. Let p be s(9). Let v = -19 + p. Let d = v + 35. What are the prime factors of d?
19
Suppose 0 = j + 2*j - g + 127, 3*j + 122 = 2*g. Let z = 100 + j. Suppose -2*k + z = 4*q - 6*k, -32 = -2*q - 2*k. What are the prime factors of q?
3, 5
Let c be 3 + 0 + (-5 - -3)*-5. Let q(j) = 3*j - 9. Let d be q(c). Let r = 44 + d. List the prime factors of r.
2, 37
Let h(y) = y**2 + 20*y + 21. Suppose 67 = -3*n - 5*c, -5*n + 0*c - 97 = c. Let r be h(n). Suppose -141 = -r*l - 15. List the prime factors of l.
3, 7
Let k be (19/3)/((-11)/(-33)). Suppose 569 = k*j - 5340. List the prime factors of j.
311
Suppose -k = -9 - 7. Let j(c) = c**2 - 14*c - 30. Let q be j(k). Suppose -q*g + 56 = -138. What are the prime factors of g?
97
Let j(d) = -49*d + 11. Let q be j(-5). Suppose 2*p = -82 + q. Let h = -39 + p. What are the prime factors of h?
2, 3
Suppose -16 = 5*f - 6. Let l be 4 - (1047/3 + f). Let z = -210 - l. List the prime factors of z.
7, 19
Suppose 3*d = -2*d - 15. Let f = -2297 - -2296. List the prime factors of f/(-1)*d + (-192)/(-2).
3, 31
Let y(n) = -n + 10. Let b(g) = g + 2. Let u be b(-2). Let m be y(u). Let q = 99 - m. List the prime factors of q.
89
Let m be 6 - ((-4 - (-20)/5) + -2). Suppose h + m*h - 6885 = 0. List the prime factors of h.
3, 5, 17
Let s be (-6 + (-6 - -29))/(2/588). Suppose -49*p + 55*p = s. List the prime factors of p.
7, 17
Let g = 5392 - -14. List the prime factors of g.
2, 3, 17, 53
Let q(m) = 14*m - 1. Let s be q(2). Suppose 0 = 18*l - s - 11493. Suppose l = 3*g - 4*v, -3*g - 2*g + 3*v = -1063. List the prime factors of g.
2, 53
Suppose -4*n = 2*c - 0*c - 2, 0 = n + 3*c - 13. Let p be (2/(-11 + 7))/(n/8). Suppose g - 4*g = k - 37, 64 = p*k + g. List the prime factors of k.
31
Let s(y) = 2*y + 24. Let r(m) = 13*m**2 - m + 1. Let p be r(1). Let h be s(p). List the prime factors of (0 - 0) + h/1.
2, 5
Suppose 2*r - 6 = -q + 6, -6 = -2*r. Suppose -2*w + 14 = q. Suppose 0 = -4*c + 3*c - k + 1, -2*c + w*k + 14 = 0. List the prime factors of c.
3
Let a(x) = -7866*x + 1264. What are the prime factors of a(-5)?
2, 20297
Let y be 5/(-10) + (-21)/(-6). Suppose 65 = m - 0*m - y*s, -5*s + 223 = 3*m. Suppose m = -2*x + 229. List the prime factors of x.
79
Let z(b) = 9*b**2 - 20*b + 98. Let t = -326 + 332. List the prime factors of z(t).
2, 151
Let o(l) = -21112*l**3 - 3*l**2 + 92*l + 95. What are the prime factors of o(-1)?
2, 7, 13, 29
List the prime factors of (-28 - -9522) + (12 - 2).
2, 3, 11
Let q(d) be the first derivative of -421*d**4/4 + 5*d**2/2 + 6*d - 50. List the prime factors of q(-1).
2, 211
Suppose 0 = 3*b - 5*b + 5*r + 20461, r = -5. List the prime factors of b.
2, 3, 13, 131
Suppose -44*f + 47*f - 807 = 0. Let y = f + 1266. List the prime factors of y.
5, 307
Let b(g) = g**3 + 21*g**2 - 18*g + 1. Let o be b(-18). Suppose -x - 3*y = -4*y - 259, 4*y = 5*x - o. What are the prime factors of x?
3, 29
Let n = 7095 + 589. What are the prime factors of n?
2, 17, 113
Let q be (((-429)/(-6))/(-11))/(2/(-4)). Suppose 16*z = q*z - 132. Let g = 85 - z. List the prime factors of g.
3, 43
Suppose 3*m = 3*f - 15, 0*f + 3*m + 23 = 5*f. Suppose f*j = 1652 - 128. List the prime factors of j.
3, 127
Suppose -216*f + 1765591 - 136519 - 242784 = 0. List the prime factors of f.
2, 3209
Suppose 84*q - 4077004 = -824692. List the prime factors of q.
2, 3, 239
Let r(n) = -n**2 - 4*n + 4. Let p be r(-3). Let h(g) = 3*g**2 - 18*g - 13. Let f be h(p). Let l(w) = -w**2 + 18*w - 26. What are the prime factors of l(f)?
2, 3
List the prime factors of 77/(-35) - -1 - (-1772)/40*54.
3, 797
Let q be 33/((-33)/6 - -4). Let i = -22 - q. Let b(s) = -s**3 - s**2 + 2*s + 50. What are the prime factors of b(i)?
2, 5
Suppose 1794*v - 1789*v - 14570 = 0. What are the prime factors of v?
2, 31, 47
Suppose -9*u - 899 = -5*n - 7*u, 721 = 4*n - u. Let s = 8 + -3. Let j = n + s. List the prime factors of j.
2, 3, 31
Let y be -4 + (-126)/(-35) + 62/5. Let p = y + 223. What are the prime factors of p?
5, 47
Suppose -3*y = 33*d - 38*d + 58721, 0 = -2*d + 5*y + 23477. List the prime factors of d.
2, 7, 839
Suppose r = -3*x + 12 - 11, -2*x + 9 = -r. What are the prime factors of (-4)/(2 + x) + (-2 - -805)?
2, 401
List the prime factors of (-4 + 1254/247 - 1/13) + 4681.
2, 2341
Let r = 1965 - 999. Suppose -3*o + 3*q = -r, -5*o - 637 = 3*q - 2255. List the prime factors of o.
17, 19
Suppose -3*y + 39192 = 3*t, -11*y + 15*y = -5*t + 52250. What are the prime factors of y?
2, 5, 1307
Let n(a) = 2*a**2 - a + 2. Let k be n(0). Let w(l) = 98*l**k - 85*l**2 + 0 - 1 - l. What are the prime factors of w(2)?
7
Let s be -12*((-24)/54)/(4/6). Suppose q - 1 = s. Suppose 0 = -15*a + q*a + 540. What are the prime factors of a?
2, 3, 5
Let u(t) = -t**3 - 7*t**2 + 18*t - 3. Let s be ((-45)/25*2)/((-2)/(-5)). Let w be u(s). What are the prime factors of (-2)/(-21)*w + 3070/14?
3, 73
Suppose -62*p = -69*p + 116788. List the prime factors of p.
2, 43, 97
Let o(l) = l - 1. Let v(w) be the third derivative of -w**4/12 - 4*w**3/3 + 17*w**2. Let s(u) = 4*o(u) + 4*v(u). List the prime factors of s(-15).
2, 3
Suppose 8133 - 2733 = 8*y. Suppose -y = -t + 3*m, 3*t - 981 = 4*m + 1044. What are the prime factors of t?
3, 5
Suppose 0 = -3*g - 6. Let h(j) = 177*j**2 + 21*j + 45. What are the prime factors of h(g)?
3, 79
Let u be 4/(-3)*102/(-34). Let g(w) = 28*w**2 + 2*w + 5. Let d be g(-5). Suppose -t = u*t - d. What are the prime factors of t?
139
Suppose -r - 241 = -5*x + 46, 2*r + x = -541. What are the prime factors of r/((-8)/2) - 5?
3, 7
Suppose 9 = 3*l - 0*l. Suppose 5*q = -4*n - 10, 3*q - 2*n - 12 = 4. Let d = l + q. List the prime factors of d.
5
Let n(b) = -80*b + 42*b - 5 + 42*b - 3*b**2 + 4 + b**3. Let x be n(2). Suppose -2*m = x*h - 518, m + 506 = 3*h - 0*m. What are the prime factors of h?
2, 5, 17
Suppose 36*p = -200288 + 1320644. What are the prime factors of p?
31121
Let q(x) be the second derivative of 7*x**4/6 + x**3/6 + 3*x**2 - 9*x + 1. What are the prime factors of q(-3)?
3, 43
Let z = -68 - -82. Suppose 0 = 10*x - z*x + 624. Let u = 387 - x. What are the prime factors of u?
3, 7, 11
Suppose 5*o - 4*i = 467244 - 105878, 361321 = 5*o + i. What are the prime factors of o?
2, 23, 1571
Let y = 56 - 56. Suppose z - 2 = y, 2*b - z - 576 = 424. Let f = 731 - b. List the prime factors of f.
2, 5, 23
Let x = 13440 + -7263. What are the prime factors of x?
3, 29, 71
Let r be (-1)/8 - (-570)/80. Suppose -m - r*u + 268 = -6*u, -u = -4. What are the prime factors of m?
2, 3, 11
Let s = -96 + -15. Let z = s + 186. List the prime factors of z.
3, 5
Let h(g) = 7*g**3 - 170*g**2 + 50*g + 20. What are the prime factors of h(25)?
3, 5, 293
Let v(w) = 2233*w**2 - 277*w + 1117. List the prime factors of v(4).
13, 2749
Let h(i) = 3*i**3 - 10*i**2 - 24*i + 2. Let q be h(8). Suppose 5*k - 1459 = 4*g, 2*k + 2*g + 126 = q. What are the prime factors of k?
3, 97
Let h(f) = 7*f - 9. Let b be (-3)/(5/20*-6). Let w be h(b). Suppose w = z - 0*z, m - 72 = 4*z. What are the prime factors of m?
2, 23
Let s = 2897 + 750. What are the prime factors of s?
7, 521
Let u = -331 - -333. Let x(y) = 23*y**3 + 3*y**2 - 8*y + 4. List the prime factors of x(u).
2, 23
Let z be (-4)/(-18)*-3*-3. Suppose -z*o + o - 3 = 4*h, o + 3*h = 0. Let y = o - 6. What are the prime factors of y?
3
Suppose 97*u = 94*u + 4*n + 69153, 0 = 3*n - 9. What are the prime factors of u?
3, 5, 29, 53
Let f = 759 + -746. S